9, 37
What are the prime factors of 2318?
2, 19, 61
What are the prime factors of 86734?
2, 17, 2551
List the prime factors of 7570.
2, 5, 757
List the prime factors of 4354.
2, 7, 311
List the prime factors of 598.
2, 13, 23
List the prime factors of 2644.
2, 661
What are the prime factors of 2055?
3, 5, 137
What are the prime factors of 17255?
5, 7, 17, 29
List the prime factors of 783.
3, 29
What are the prime factors of 4951?
4951
List the prime factors of 1083.
3, 19
List the prime factors of 2343.
3, 11, 71
List the prime factors of 52148.
2, 13037
What are the prime factors of 68453?
7, 11, 127
What are the prime factors of 2717?
11, 13, 19
List the prime factors of 668.
2, 167
What are the prime factors of 544?
2, 17
List the prime factors of 61809.
3, 11, 1873
List the prime factors of 3033.
3, 337
What are the prime factors of 7949?
7949
List the prime factors of 32087.
11, 2917
What are the prime factors of 2391?
3, 797
What are the prime factors of 23627?
23627
List the prime factors of 1218.
2, 3, 7, 29
What are the prime factors of 149566?
2, 17, 53, 83
What are the prime factors of 1055?
5, 211
List the prime factors of 3625.
5, 29
List the prime factors of 150815.
5, 7, 31, 139
List the prime factors of 46103.
46103
What are the prime factors of 1170?
2, 3, 5, 13
What are the prime factors of 5458?
2, 2729
What are the prime factors of 59602?
2, 17, 1753
List the prime factors of 821.
821
What are the prime factors of 211?
211
List the prime factors of 14334.
2, 3, 2389
List the prime factors of 7847.
7, 19, 59
List the prime factors of 5781.
3, 41, 47
What are the prime factors of 443?
443
List the prime factors of 33402.
2, 3, 19, 293
List the prime factors of 33763.
19, 1777
List the prime factors of 2745.
3, 5, 61
List the prime factors of 25108.
2, 6277
List the prime factors of 15995.
5, 7, 457
What are the prime factors of 3474?
2, 3, 193
List the prime factors of 17458.
2, 7, 29, 43
What are the prime factors of 1591?
37, 43
List the prime factors of 624.
2, 3, 13
What are the prime factors of 1786?
2, 19, 47
List the prime factors of 696.
2, 3, 29
What are the prime factors of 17054?
2, 8527
List the prime factors of 2901.
3, 967
What are the prime factors of 1353?
3, 11, 41
What are the prime factors of 1427?
1427
What are the prime factors of 25720?
2, 5, 643
List the prime factors of 2519.
11, 229
List the prime factors of 10813.
11, 983
What are the prime factors of 32407?
23, 1409
List the prime factors of 27904.
2, 109
List the prime factors of 4913.
17
What are the prime factors of 28518?
2, 3, 7, 97
What are the prime factors of 107?
107
What are the prime factors of 1655?
5, 331
List the prime factors of 25318.
2, 12659
What are the prime factors of 1498?
2, 7, 107
List the prime factors of 886.
2, 443
What are the prime factors of 1261?
13, 97
List the prime factors of 310.
2, 5, 31
What are the prime factors of 452?
2, 113
List the prime factors of 21365.
5, 4273
List the prime factors of 33755.
5, 43, 157
List the prime factors of 1456.
2, 7, 13
List the prime factors of 555.
3, 5, 37
What are the prime factors of 57020?
2, 5, 2851
List the prime factors of 999.
3, 37
What are the prime factors of 67553?
43, 1571
List the prime factors of 51234.
2, 3, 8539
What are the prime factors of 5076?
2, 3, 47
What are the prime factors of 7513?
11, 683
What are the prime factors of 42210?
2, 3, 5, 7, 67
What are the prime factors of 10420?
2, 5, 521
What are the prime factors of 7465?
5, 1493
What are the prime factors of 4069?
13, 313
What are the prime factors of 2338?
2, 7, 167
What are the prime factors of 834?
2, 3, 139
List the prime factors of 39436.
2, 9859
List the prime factors of 715.
5, 11, 13
What are the prime factors of 56496?
2, 3, 11, 107
What are the prime factors of 31788?
2, 3, 883
What are the prime factors of 1466?
2, 733
List the prime factors of 4227.
3, 1409
What are the prime factors of 773?
773
What are the prime factors of 2100?
2, 3, 5, 7
List the prime factors of 14454.
2, 3, 11, 73
List the prime factors of 15737.
15737
List the prime factors of 4700.
2, 5, 47
List the prime factors of 29939.
7, 13, 47
What are the prime factors of 1095?
3, 5, 73
List the prime factors of 726.
2, 3, 11
What are the prime factors of 756?
2, 3, 7
What are the prime factors of 14453?
97, 149
List the prime factors of 2103.
3, 701
What are the prime factors of 1235?
5, 13, 19
List the prime factors of 3281.
17, 193
What are the prime factors of 86920?
2, 5, 41, 53
What are the prime factors of 2642?
2, 1321
What are the prime factors of 506?
2, 11, 23
What are the prime factors of 20306?
2, 11, 13, 71
List the prime factors of 1753.
1753
What are the prime factors of 4074?
2, 3, 7, 97
What are the prime factors of 107?
107
What are the prime factors of 4066?
2, 19, 107
List the prime factors of 414.
2, 3, 23
List the prime factors of 4226.
2, 2113
What are the prime factors of 21084?
2, 3, 7, 251
List the prime factors of 2464.
2, 7, 11
What are the prime factors of 11929?
79, 151
List the prime factors of 185399.
397, 467
What are the prime factors of 11819?
53, 223
What are the prime factors of 4922?
2, 23, 107
List the prime factors of 34508.
2, 8627
List the prime factors of 400.
2, 5
List the prime factors of 295.
5, 59
List the prime factors of 36195.
3, 5, 19, 127
What are the prime factors of 30710?
2, 5, 37, 83
What are the prime factors of 2400?
2, 3, 5
List the prime factors of 959.
7, 137
List the prime factors of 16274.
2, 79, 103
List the prime factors of 39.
3, 13
What are the prime factors of 406?
2, 7, 29
What are the prime factors of 1219?
23, 53
List the prime factors of 7112.
2, 7, 127
List the prime factors of 15148.
2, 7, 541
List the prime factors of 7815.
3, 5, 521
List the prime factors of 1345.
5, 269
What are the prime factors of 4690?
2, 5, 7, 67
List the prime factors of 55169.
43, 1283
List the prime factors of 1307.
1307
List the prime factors of 630.
2, 3, 5, 7
What are the prime factors of 5575?
5, 223
What are the prime factors of 57482?
2, 41, 701
What are the prime factors of 142729?
53, 2693
What are the prime factors of 84161?
7, 11, 1093
List the prime factors of 2869.
19, 151
List the prime factors of 688.
2, 43
List the prime factors of 21580.
2, 5, 13, 83
What are the prime factors of 44208?
2, 3, 307
List the prime factors of 1036.
2, 7, 37
What are the prime factors of 121712?
2, 7607
What are the prime factors of 152?
2, 19
List the prime factors of 16218.
2, 3, 17, 53
What are the prime factors of 16666?
2, 13, 641
What are the prime factors of 107799?
3, 35933
What are the prime factors of 1082?
2, 541
List the prime factors of 2877.
3, 7, 137
What are the prime factors of 29184?
2, 3, 19
List the prime factors of 9759.
3, 3253
List the prime factors of 53439.
3, 47, 379
What are the prime factors of 2371?
2371
List the prime factors of 17898.
2, 3, 19, 157
List the prime factors of 240.
2, 3, 5
List the prime factors of 8574.
2, 3, 1429
List the prime factors of 1868.
2, 467
List the prime factors of 14172.
2, 3, 1181
What are the prime factors of 26848?
2, 839
What are the prime factors of 555?
3, 5, 37
List the prime factors of 396.
2, 3, 11
What are the prime factors of 17257?
17257
List the prime factors of 46676.
2, 7, 1667
What are the prime factors of 8769?
3, 37, 79
What are the prime factors of 5138?
2, 7, 367
List the prime factors of 15695.
5, 43, 73
List the prime factors of 2569.
7, 367
What are the prime factors of 7973?
7, 17, 67
What are the prime factors of 43219?
11, 3929
What are the prime factors of 9188?
2, 2297
List the prime factors of 11150.
2, 5, 223
List the prime factors of 2613.
3, 13, 67
List the prime factors of 22828.
2, 13, 439
List the prime factors of 19512.
2, 3, 271
List the prime factors of 33678.
2, 3, 1871
What are the prime factors of 22967?
7, 17, 193
What are the prime factors of 1436?
2, 359
List the prime factors of 2811.
3, 937
What are the prime factors of 625?
5
What are the prime factors of 431?
431
What are the prime factors of 1099?
7, 157
What are the prime factors of 2541?
3, 7, 11
List the prime factors of 68066.
2, 34033
What are the prime factors of 2362?
2, 1181
What are the prime factors of 505?
5,